4.
254
Calculate the greatest common divisor of 529271234 and 17.
17
Calculate the greatest common factor of 990 and 1513710.
990
What is the greatest common divisor of 901752 and 2832?
24
What is the greatest common factor of 307040 and 16766?
202
Calculate the highest common divisor of 969 and 872581593.
969
What is the highest common factor of 6139822 and 87754?
986
Calculate the highest common factor of 1287 and 529386.
429
What is the highest common divisor of 667911 and 67017?
753
What is the highest common factor of 85 and 539801?
17
Calculate the greatest common factor of 7578 and 6860616.
2526
Calculate the highest common divisor of 570688 and 2673472.
2368
Calculate the highest common divisor of 10449 and 5783973.
129
What is the highest common divisor of 24804 and 11479?
13
Calculate the greatest common factor of 14 and 72266222.
14
What is the greatest common divisor of 954 and 1541558?
106
What is the greatest common divisor of 2509251576 and 26?
26
What is the highest common factor of 3257655 and 494460?
615
What is the highest common divisor of 34190 and 68790?
10
Calculate the greatest common divisor of 423389 and 47.
1
Calculate the highest common divisor of 15 and 1639145.
5
Calculate the greatest common factor of 292 and 663488678.
146
Calculate the greatest common divisor of 207 and 22797945.
207
Calculate the highest common divisor of 243000 and 174000.
3000
Calculate the greatest common divisor of 2407837 and 14183.
1091
What is the highest common divisor of 93252344 and 680?
136
What is the highest common factor of 9242596 and 7084?
1012
What is the greatest common divisor of 260 and 17976790?
130
Calculate the highest common factor of 399364 and 1029.
7
What is the highest common divisor of 1690644594 and 1394?
1394
Calculate the highest common factor of 121752 and 22002.
114
What is the highest common divisor of 328839640 and 280?
40
What is the greatest common factor of 2940 and 19068?
84
Calculate the greatest common factor of 2496392 and 115624.
776
Calculate the greatest common divisor of 16904161 and 94.
47
What is the greatest common factor of 18049346 and 1372?
686
Calculate the highest common divisor of 5760 and 802406880.
1440
Calculate the highest common divisor of 15795038 and 20678.
2954
Calculate the greatest common divisor of 420 and 2258816.
28
What is the greatest common divisor of 850 and 1656310?
170
Calculate the greatest common factor of 992 and 1084024.
8
What is the highest common factor of 5447 and 50188239?
419
Calculate the highest common factor of 584698 and 6409.
493
Calculate the greatest common factor of 1720 and 1328485.
215
Calculate the greatest common factor of 200651212 and 164.
164
What is the greatest common factor of 7 and 478112803?
7
Calculate the greatest common divisor of 2469336 and 2604.
372
Calculate the highest common factor of 14 and 12257273.
7
What is the greatest common factor of 135815932 and 232?
116
Calculate the highest common divisor of 198643 and 2376386.
733
Calculate the highest common divisor of 2876524 and 84.
28
Calculate the greatest common divisor of 1393 and 80521.
7
Calculate the greatest common divisor of 39000 and 10068.
12
What is the highest common factor of 5429983 and 26?
13
Calculate the greatest common divisor of 165 and 61160825.
55
Calculate the greatest common factor of 86301136 and 723.
241
What is the greatest common factor of 921652 and 2534?
362
What is the highest common factor of 8075 and 649400?
425
Calculate the greatest common divisor of 458066780 and 20.
20
Calculate the highest common factor of 651861 and 14553.
189
What is the greatest common factor of 170491 and 319?
29
Calculate the highest common divisor of 300328641 and 2967.
2967
Calculate the highest common factor of 923631 and 185.
37
Calculate the highest common divisor of 715 and 838389695.
715
Calculate the highest common divisor of 373 and 4882943.
373
Calculate the highest common divisor of 124195216 and 8.
8
What is the greatest common factor of 10 and 2347273760?
10
What is the highest common factor of 59497339 and 31713?
341
Calculate the highest common factor of 80943861 and 17508.
4377
Calculate the greatest common factor of 400350 and 318750.
2550
Calculate the greatest common factor of 25675252 and 12.
4
Calculate the highest common factor of 77202525 and 425.
425
Calculate the highest common divisor of 62479698 and 114.
6
Calculate the greatest common factor of 397446800 and 3600.
400
What is the highest common divisor of 32988452 and 84?
28
What is the greatest common divisor of 1045 and 1199925430?
1045
Calculate the greatest common divisor of 3417 and 276675.
51
Calculate the highest common factor of 13 and 85350707.
13
Calculate the highest common factor of 177401402 and 86.
86
What is the highest common divisor of 17336763 and 1359?
1359
What is the highest common divisor of 70843885 and 35?
35
Calculate the greatest common factor of 7843528 and 3808.
952
What is the highest common divisor of 114 and 6313866?
6
Calculate the highest common divisor of 555365223 and 189.
63
Calculate the greatest common divisor of 185249587 and 877.
877
Calculate the highest common factor of 2256 and 28219.
1
Calculate the highest common factor of 2695576 and 143.
13
What is the greatest common divisor of 30750497 and 563?
563
What is the greatest common factor of 2060 and 468444?
412
Calculate the greatest common factor of 46614285 and 1074.
537
Calculate the highest common divisor of 48622835 and 5620.
1405
Calculate the greatest common factor of 3932604293 and 3329.
3329
Calculate the greatest common factor of 359671880 and 160.
40
What is the highest common factor of 1901044 and 15748?
124
Calculate the greatest common factor of 16686 and 6862.
2
What is the highest common factor of 781 and 44491117?
11
Calculate the highest common factor of 2000 and 18050480.
80
What is the highest common factor of 16797 and 686641?
509
What is the highest common divisor of 26564 and 8146564?
116
Calculate the highest common factor of 1935 and 526530.
15
What is the highest common divisor of 1474880046 and 1119?
1119
What is the greatest common divisor of 1374 and 93170253?
687
What is the highest common factor of 863488 and 192261?
3373
Calculate the highest common divisor of 46958269 and 32848.
2053
What is the highest common divisor of 8050 and 21731780?
1610
What is the greatest common factor of 492 and 4648334?
82
Calculate the greatest common divisor of 12205301 and 814.
37
Calculate the highest common divisor of 148815 and 86715.
45
Calculate the greatest common divisor of 928430 and 390.
10
What is the highest common factor of 74032414 and 53?
53
Calculate the highest common divisor of 6953 and 892847.
409
What is the greatest common factor of 88310 and 12370?
10
Calculate the highest common divisor of 80 and 53308528.
16
What is the highest common divisor of 6 and 553892316?
6
What is the highest common divisor of 1704402 and 19278?
1134
Calculate the highest common factor of 57205 and 70839.
17
Calculate the highest common divisor of 9508646 and 8350.
334
Calculate the highest common factor of 2847 and 644298.
219
What is the greatest common divisor of 31641 and 74253?
159
What is the highest common factor of 504255404 and 276?
92
Calculate the highest common factor of 7900 and 15898276.
316
Calculate the highest common factor of 7621135 and 530.
265
What is the highest common divisor of 6160 and 18080128?
176
What is the highest common factor of 84699585 and 45?
45
Calculate the highest common factor of 1056 and 447436968.
264
What is the greatest common divisor of 36 and 2615500?
4
Calculate the greatest common divisor of 131312 and 9934432.
4528
Calculate the greatest common factor of 49414500 and 180.
180
What is the greatest common factor of 99165580 and 1780?
1780
What is the greatest common factor of 3378318 and 6?
6
What is the highest common divisor of 414 and 116442?
18
Calculate the highest common divisor of 18 and 1056676.
2
Calculate the highest common divisor of 1089 and 94128320.
121
What is the highest common divisor of 62672255 and 15763?
1433
What is the greatest common divisor of 1008957 and 99696?
93
What is the highest common divisor of 280 and 103209428